ulate the remainder when 168 is divided by 1*((-2227)/(-51) + (-8)/(-6)).
33
Let m = 1955 - 1703. What is the remainder when m is divided by 69?
45
Let t(r) = -2*r**2 + 28*r - 85. Calculate the remainder when 68 is divided by t(7).
3
Suppose -3*z + 28 = -0*s + s, 2*s = 2*z - 24. Calculate the remainder when (-3)/(-3)*21 + 5 is divided by z.
6
What is the remainder when 4/((-25)/(-23) - 1) is divided by 3 + 1 + ((-585)/63 + 8)*-7?
7
Let v(t) = -t**3 + t - 3. Let a be v(0). Calculate the remainder when -2 - (-4 + (-41)/(4 + a)) is divided by 22.
21
Suppose 5*i - 3*y - 165 = -6*y, 4*y - 160 = -5*i. Let f be ((-2)/5 + (-47)/(-5))*-1. Let g(x) = -16*x - 1. What is the remainder when g(f) is divided by i?
35
Let g(z) = z**2 - 2*z - 2. Let v = -6 - -42. Calculate the remainder when v is divided by g(-3).
10
Suppose -84 = 5*c + 171. Calculate the remainder when 48 is divided by 3*(-4)/(36/c).
14
Let j be -2 + 3 + 5 - 1. Suppose -4*w = -2*k + 12, -33 = -3*k + 4*w - j. What is the remainder when 31 is divided by k?
15
Suppose 8 = o + 1. Let c(u) = -3*u + 3. Let f(l) = -3*l + 4. Let b(n) = 5*c(n) - 4*f(n). What is the remainder when o is divided by b(-1)?
1
Let m = -219 + 231. Let k(s) = 3*s + 10. What is the remainder when k(8) is divided by m?
10
Let v(x) = -2*x + 3. Suppose -f = -3*f. Suppose 0 = -d - f + 5. Calculate the remainder when v(-7) is divided by d.
2
Suppose -5*l + 152 + 549 = 3*r, -4*r = 5*l - 928. Calculate the remainder when r is divided by 6.
5
What is the remainder when (-3 - -4)/3*3*26 is divided by 15?
11
Suppose 1 = n - 2. Suppose 0 = -n*w + 3*d + 147, d + 110 = 2*w + 17. Let h(p) = 3*p**2 - 4. Calculate the remainder when w is divided by h(3).
21
Suppose -1813 = -11*r + 211. Calculate the remainder when r is divided by 62.
60
Suppose 2*r + 6 = 30. Suppose 2*n - 2*b = 196, 4*b = 13*n - 16*n + 273. Calculate the remainder when n is divided by r.
11
Calculate the remainder when ((2/(-3))/(-1))/(16/2136) is divided by 30.
29
Let k = -12 + -3. Calculate the remainder when 41 is divided by 66*(k/9)/(-5).
19
Suppose -26*i + 10*i = -192. Calculate the remainder when 46 is divided by i.
10
Suppose 2*j = 4*z + 86, -2*j + 46 = -2*z - 36. What is the remainder when 137 is divided by j?
20
Suppose 5*d + 5*p - 4250 = 0, 23 + 2 = -5*p. Suppose -9*u = 6*u - d. What is the remainder when u is divided by 15?
12
Let h(j) = j**2 - j. Let g be h(-1). What is the remainder when 18 is divided by -10*(g + (0 - 3))?
8
Suppose 3*v = v + 5*l + 3, 4*v - 13 = 3*l. Suppose -24 = v*x - 176. What is the remainder when x is divided by 8?
6
Suppose -3*r - 3 = 0, 37 = 5*i + 3*r - 80. Let b = -32 + 46. What is the remainder when i is divided by b?
10
Suppose -44*u - 9 = -41*u, -2*y + 75 = u. Calculate the remainder when y is divided by (-2)/((2/1)/(-8)).
7
Let t(i) = -i**3 - 6*i**2 - 2*i - 4. Let b(z) = -z + 6. Let c be b(12). What is the remainder when 45/(-12)*(-4)/1 is divided by t(c)?
7
Let a = -444 + 477. Calculate the remainder when a is divided by (-183)/(-15) - (-2)/(-10).
9
Let l = 318 + -176. Suppose d = 3*d - l. Calculate the remainder when d is divided by 24.
23
Let u = -144 - -330. Calculate the remainder when u is divided by 17.
16
Let y(p) = 8*p + 69. Calculate the remainder when y(-8) is divided by 3.
2
Let b = 1062 + -1039. Calculate the remainder when (-894)/(-10) - 2/5 is divided by b.
20
Let p = 1865 + -1410. What is the remainder when p is divided by 101?
51
Let v(u) = 4*u**2 - 10*u + 11. Calculate the remainder when 25 is divided by v(3).
8
Let u(o) = o**2 - 8*o + 3. Let g = -10 + 18. Let j be u(g). Suppose -4*v + j*v + 3 = 0. What is the remainder when 17 is divided by v?
2
Let q(p) = p**2 - 24*p - 49. Calculate the remainder when 94 is divided by q(27).
30
Let c = 100 + 49. Suppose -4*z = -5*s - c + 33, -4*z + 2*s + 116 = 0. Suppose r - 12 = z. What is the remainder when r is divided by 22?
19
Suppose 8*r - 3*h + 7 = 6*r, 4*r = -2*h + 26. What is the remainder when 51 is divided by r?
3
Let s = -90 + 152. What is the remainder when 176 is divided by s?
52
Suppose 2*q - 364 = -104. Calculate the remainder when q is divided by 42.
4
Let x = -82 - -76. Calculate the remainder when (206/x)/((-19)/57) is divided by 26.
25
Suppose -26*h + 7812 = -4148. Calculate the remainder when h is divided by 93.
88
Let i(t) be the third derivative of t**4/24 + 16*t**3/3 + 30*t**2. Calculate the remainder when 35 is divided by i(-19).
9
Let t = -22 + 72. Suppose t = 9*v - 85. What is the remainder when 24 is divided by v?
9
Let z = -51 - -148. Let h = 57 - 55. Suppose 0 = p + h*u - 3 - 20, p = u + 26. Calculate the remainder when z is divided by p.
22
Suppose -63 = 7*k - 63. Suppose k = -4*f + 3*f + 20. Calculate the remainder when 75 is divided by f.
15
Suppose -18*x + 65 = -5*x. Suppose x*c - 4*p = 153, -c - c - 3*p + 52 = 0. Suppose 0 = 3*y - 31 + 1. Calculate the remainder when c is divided by y.
9
Suppose -4*j + 0*j = -8. What is the remainder when 58 is divided by 17 + (-2 - j) + 2?
13
Let o = -606 + 614. Suppose -5*j = 71 - 286. Let m = -22 + j. What is the remainder when m is divided by o?
5
Calculate the remainder when 54 is divided by 1 - -1 - (-26)/2.
9
Let o(a) = 38*a - 170. What is the remainder when 1333 is divided by o(6)?
57
Suppose 2*y = -2*b + 45 + 61, -b = 4*y - 41. Suppose -3*v = -4*x + 898, -2 = x + 5*v - 238. What is the remainder when x is divided by b?
55
Suppose 4*b = 3*r - 146 - 1042, -b - 395 = -r. What is the remainder when r is divided by 50?
42
Suppose 2*i + 0*i = 5*s - 13, 5*i = 5*s + 5. Let k be (-2 + 1)/(3/(-12)). Calculate the remainder when 2*10 + k + -7 is divided by i.
5
Let h(m) = -2*m + 72. What is the remainder when h(-13) is divided by 40?
18
Let m be (64/8)/(2 + 0). Let l(w) = w**3 - 2*w**2 + 2*w - 6. Let y(o) = -o + 18. Calculate the remainder when l(m) is divided by y(9).
7
Let h(z) = 9*z - 10. Suppose 3*p - 4 = -d, 4*p - 5*d - 32 = -d. What is the remainder when 66 is divided by h(p)?
15
Let n(l) = -24*l + 2. Suppose -3 = p - 53. Calculate the remainder when n(-6) is divided by p.
46
Suppose -26 = 6*t - 7*t + y, -4*y + 12 = 0. What is the remainder when 228 is divided by t?
25
Suppose -9 = -2*b - 3*o - 0*o, o + 1 = 0. Let r = b - -18. Let f = -17 + r. What is the remainder when f is divided by 3?
1
Let p(v) = -10*v - 8 + 3*v - 19 + 2. Calculate the remainder when 33 is divided by p(-6).
16
Let d be (1 - (-2)/4) + (-870)/(-12). Let k = d - 62. What is the remainder when 42 is divided by k?
6
Suppose 2*f - 2*x = 172, -3*x = -3*f + 6*f - 288. Calculate the remainder when f is divided by 24.
19
Suppose 0*c = -3*c + 3*y + 24, 0 = 5*c - y - 24. Suppose c*p - 1 - 27 = 0. What is the remainder when 17 is divided by p?
3
Let u be (-3)/(-2)*((-2)/6 + 3). What is the remainder when 52 is divided by (68/4 - 2) + u + -3?
4
Let y = -3 + 14. Let z(s) = -5*s + 3. Calculate the remainder when z(-7) is divided by y.
5
Let k(l) be the first derivative of -l**4/4 - 2*l**3/3 - 2*l - 3. Suppose 7*c = 6*c + 3. What is the remainder when k(-3) is divided by c?
1
Suppose 0 = -r + 2, 3*h + 3*r = r + 148. Suppose -30*s - 56 = -34*s. What is the remainder when h is divided by s?
6
Let s = -411 + 439. Calculate the remainder when 90 is divided by s.
6
Calculate the remainder when 121 is divided by 62 - -3 - 1/2*6.
59
What is the remainder when 226 is divided by 57/(-2)*42/(-63)?
17
Let s(t) = -2*t**2 - 4. Let f be s(4). What is the remainder when ((-1062)/f)/((-1)/(-4)) is divided by 24?
22
Suppose 0 = 64*d - 17*d - 1034. Calculate the remainder when d is divided by 14.
8
Let s(l) = 27*l - 9. Let m be s(4). Let t = -86 + m. What is the remainder when t is divided by 6?
1
Let s(f) = -5*f - 31. Let i be s(-14). Let d = -30 + i. What is the remainder when 16 is divided by d?
7
Let l(s) = -14*s + 117. Calculate the remainder when 54 is divided by l(7).
16
Suppose 2028 = -j - 2948. Let p be 2/(-9) + j/(-36). Suppose -12*x = -10*x - p. Calculate the remainder when x is divided by 18.
15
Let v(s) = -2*s**3 + 15*s**2 + 9*s - 6. Let d be v(8). Suppose 3*z + 2 + 22 = d*x, -20 = -5*z. What is the remainder when 123 is divided by x?
15
Let r = 37 - 75. Let v = -9 - r. Let d = 16 - 1. What is the remainder when v is divided by d?
14
Let p = -329 - -539. 